ivided by 431.
426
Calculate the remainder when 139902637 is divided by 8.
5
Calculate the remainder when 47246 is divided by 2575.
896
What is the remainder when 119545 is divided by 1555?
1365
What is the remainder when 1678680 is divided by 139?
116
Calculate the remainder when 17757546 is divided by 28412.
46
What is the remainder when 3506337 is divided by 131?
122
What is the remainder when 3758446 is divided by 77?
76
What is the remainder when 474686 is divided by 161?
58
What is the remainder when 9952411 is divided by 30?
1
What is the remainder when 178858 is divided by 3042?
2422
What is the remainder when 1494058 is divided by 286?
280
Calculate the remainder when 10007330 is divided by 43700.
30
What is the remainder when 1426768 is divided by 1447?
26
What is the remainder when 44749007 is divided by 382470?
17
What is the remainder when 480601 is divided by 2063?
1985
What is the remainder when 25197434 is divided by 20?
14
What is the remainder when 16869776 is divided by 596?
592
What is the remainder when 4388 is divided by 70?
48
What is the remainder when 282630778 is divided by 180?
178
Calculate the remainder when 8902982 is divided by 4139.
4132
Calculate the remainder when 39285850 is divided by 130.
110
What is the remainder when 1570325 is divided by 154?
141
Calculate the remainder when 65528 is divided by 1488.
56
What is the remainder when 9914441 is divided by 77?
75
Calculate the remainder when 3897697 is divided by 2900.
97
What is the remainder when 10449928 is divided by 15?
13
What is the remainder when 34017 is divided by 321?
312
Calculate the remainder when 1156656 is divided by 214.
200
Calculate the remainder when 2324477 is divided by 4712.
1461
Calculate the remainder when 27945 is divided by 179.
21
Calculate the remainder when 71624055 is divided by 315.
300
What is the remainder when 927948 is divided by 7524?
2496
What is the remainder when 457811 is divided by 22312?
11571
What is the remainder when 4315226 is divided by 3614?
110
What is the remainder when 446190417 is divided by 390?
387
Calculate the remainder when 34728987 is divided by 186.
183
Calculate the remainder when 1906426 is divided by 12795.
12766
What is the remainder when 9663299 is divided by 270?
269
What is the remainder when 2181064885 is divided by 2002?
2001
What is the remainder when 2530220 is divided by 9234?
104
What is the remainder when 555012 is divided by 138746?
28
What is the remainder when 175394600 is divided by 17?
7
What is the remainder when 28262238 is divided by 73?
69
What is the remainder when 24776253 is divided by 4013?
4004
Calculate the remainder when 5666112 is divided by 131.
100
Calculate the remainder when 1935654 is divided by 19552.
6
What is the remainder when 213601289 is divided by 71200428?
5
Calculate the remainder when 21344538 is divided by 38.
14
What is the remainder when 17798286 is divided by 2413?
2411
Calculate the remainder when 8290201 is divided by 7.
3
What is the remainder when 1290101 is divided by 392?
29
Calculate the remainder when 167932062 is divided by 4267.
10
Calculate the remainder when 1336872276 is divided by 7869.
7866
Calculate the remainder when 417037 is divided by 34749.
49
Calculate the remainder when 4317777 is divided by 3244.
13
Calculate the remainder when 6022 is divided by 120.
22
Calculate the remainder when 419133 is divided by 83.
66
What is the remainder when 30742991 is divided by 9?
8
Calculate the remainder when 1439246 is divided by 932.
238
What is the remainder when 155049 is divided by 88?
81
Calculate the remainder when 32076 is divided by 495.
396
Calculate the remainder when 74843224 is divided by 1747.
1744
What is the remainder when 465352 is divided by 8945?
212
What is the remainder when 4489966 is divided by 483?
481
What is the remainder when 2215 is divided by 1572?
643
Calculate the remainder when 704363 is divided by 3338.
45
Calculate the remainder when 972508 is divided by 12.
4
What is the remainder when 1709581 is divided by 1008?
13
Calculate the remainder when 85155856 is divided by 1413.
1411
Calculate the remainder when 337191 is divided by 67047.
1956
Calculate the remainder when 2333823 is divided by 14771.
5
What is the remainder when 55514 is divided by 24?
2
Calculate the remainder when 62566 is divided by 15344.
1190
Calculate the remainder when 7165924 is divided by 387.
232
Calculate the remainder when 75417070 is divided by 43418.
4
Calculate the remainder when 1601735 is divided by 533618.
881
Calculate the remainder when 927705 is divided by 1391.
1299
Calculate the remainder when 10154722 is divided by 7.
4
What is the remainder when 384270 is divided by 384214?
56
Calculate the remainder when 27310 is divided by 9103.
1
Calculate the remainder when 28006 is divided by 8989.
1039
What is the remainder when 45556693 is divided by 159?
13
What is the remainder when 111471958 is divided by 15?
13
What is the remainder when 43402 is divided by 2881?
187
What is the remainder when 231608 is divided by 3676?
20
Calculate the remainder when 5315471 is divided by 947.
907
What is the remainder when 164340937 is divided by 9662?
9641
Calculate the remainder when 4862534 is divided by 275.
259
Calculate the remainder when 534080 is divided by 534058.
22
Calculate the remainder when 225235 is divided by 834.
55
What is the remainder when 933912 is divided by 133393?
161
Calculate the remainder when 53101675 is divided by 62.
39
Calculate the remainder when 1856307 is divided by 4937.
4932
Calculate the remainder when 710993 is divided by 71.
70
What is the remainder when 3602932 is divided by 2456?
2436
What is the remainder when 112972216 is divided by 8817?
8812
Calculate the remainder when 76102907 is divided by 13.
10
Calculate the remainder when 197415469 is divided by 790.
789
What is the remainder when 4914117 is divided by 14?
5
Calculate the remainder when 72979097 is divided by 44.
37
Calculate the remainder when 21990218 is divided by 490.
488
What is the remainder when 8066461 is divided by 23381?
16
What is the remainder when 1128806 is divided by 80628?
14
What is the remainder when 34578223 is divided by 2388?
2371
Calculate the remainder when 155920155 is divided by 77960069.
17
Calculate the remainder when 13476200 is divided by 37643.
6
What is the remainder when 1016315 is divided by 4?
3
Calculate the remainder when 20319 is divided by 5038.
167
Calculate the remainder when 54106 is divided by 272.
250
What is the remainder when 1019080762 is divided by 4374?
4372
What is the remainder when 93364 is divided by 146?
70
Calculate the remainder when 18250190 is divided by 101.
96
What is the remainder when 416702 is divided by 136?
134
Calculate the remainder when 256806 is divided by 28534.
0
Calculate the remainder when 772749 is divided by 171.
0
What is the remainder when 2263599 is divided by 150905?
24
Calculate the remainder when 204626 is divided by 2156.
1962
What is the remainder when 472383 is divided by 236176?
31
What is the remainder when 10047714 is divided by 411?
408
What is the remainder when 953661 is divided by 3506?
29
Calculate the remainder when 13968 is divided by 13152.
816
What is the remainder when 40569937 is divided by 178?
177
What is the remainder when 168711 is divided by 699?
252
What is the remainder when 249361134 is divided by 21?
15
What is the remainder when 7248685 is divided by 492?
49
What is the remainder when 4501275 is divided by 112?
107
What is the remainder when 233646 is divided by 70?
56
What is the remainder when 5661789 is divided by 23?
17
Calculate the remainder when 535240117 is divided by 23.
10
What is the remainder when 4775 is divided by 4098?
677
Calculate the remainder when 250388 is divided by 4909.
29
Calculate the remainder when 5123080 is divided by 1707693.
1
What is the remainder when 108269 is divided by 21647?
34
What is the remainder when 13031 is divided by 678?
149
What is the remainder when 6581177 is divided by 3290584?
9
Calculate the remainder when 4410877 is divided by 1552.
93
Calculate the remainder when 3604352 is divided by 19804.
24
What is the remainder when 42375666 is divided by 55?
36
What is the remainder when 117179